{"version":"1.0","provider_name":"Hospital San Carlos ","provider_url":"https:\/\/www.hospitalsancarlos.es\/blog","author_name":"cpeiro","author_url":"https:\/\/www.hospitalsancarlos.es\/blog\/author\/cpeiro\/","title":"Hospital HLA San Carlos participa en una charla divulgativa sobre el tabaquismo y sus consecuencias - Hospital San Carlos","type":"rich","width":600,"height":338,"html":"<blockquote class=\"wp-embedded-content\" data-secret=\"fspqlJJteD\"><a href=\"https:\/\/www.hospitalsancarlos.es\/blog\/oncologia\/charla-divulgativa-tabaquismo\/\">Hospital HLA San Carlos participa en una charla divulgativa sobre el tabaquismo y sus consecuencias<\/a><\/blockquote><iframe sandbox=\"allow-scripts\" security=\"restricted\" src=\"https:\/\/www.hospitalsancarlos.es\/blog\/oncologia\/charla-divulgativa-tabaquismo\/embed\/#?secret=fspqlJJteD\" width=\"600\" height=\"338\" title=\"\u00abHospital HLA San Carlos participa en una charla divulgativa sobre el tabaquismo y sus consecuencias\u00bb \u2014 Hospital San Carlos \" data-secret=\"fspqlJJteD\" frameborder=\"0\" marginwidth=\"0\" marginheight=\"0\" scrolling=\"no\" class=\"wp-embedded-content\"><\/iframe><script>\n\/*! This file is auto-generated *\/\n!function(d,l){\"use strict\";l.querySelector&&d.addEventListener&&\"undefined\"!=typeof URL&&(d.wp=d.wp||{},d.wp.receiveEmbedMessage||(d.wp.receiveEmbedMessage=function(e){var t=e.data;if((t||t.secret||t.message||t.value)&&!\/[^a-zA-Z0-9]\/.test(t.secret)){for(var s,r,n,a=l.querySelectorAll('iframe[data-secret=\"'+t.secret+'\"]'),o=l.querySelectorAll('blockquote[data-secret=\"'+t.secret+'\"]'),c=new RegExp(\"^https?:$\",\"i\"),i=0;i<o.length;i++)o[i].style.display=\"none\";for(i=0;i<a.length;i++)s=a[i],e.source===s.contentWindow&&(s.removeAttribute(\"style\"),\"height\"===t.message?(1e3<(r=parseInt(t.value,10))?r=1e3:~~r<200&&(r=200),s.height=r):\"link\"===t.message&&(r=new URL(s.getAttribute(\"src\")),n=new URL(t.value),c.test(n.protocol))&&n.host===r.host&&l.activeElement===s&&(d.top.location.href=t.value))}},d.addEventListener(\"message\",d.wp.receiveEmbedMessage,!1),l.addEventListener(\"DOMContentLoaded\",function(){for(var e,t,s=l.querySelectorAll(\"iframe.wp-embedded-content\"),r=0;r<s.length;r++)(t=(e=s[r]).getAttribute(\"data-secret\"))||(t=Math.random().toString(36).substring(2,12),e.src+=\"#?secret=\"+t,e.setAttribute(\"data-secret\",t)),e.contentWindow.postMessage({message:\"ready\",secret:t},\"*\")},!1)))}(window,document);\n\/\/# sourceURL=https:\/\/www.hospitalsancarlos.es\/blog\/wp-includes\/js\/wp-embed.min.js\n<\/script>\n","thumbnail_url":"https:\/\/www.hospitalsancarlos.es\/blog\/wp-content\/uploads\/2025\/06\/hlatabaco.jpg","thumbnail_width":1080,"thumbnail_height":617,"description":"Denia \u2013 09 de junio de 2025. \u00a0El Hospital HLA San Carlos, junto con la Asociaci\u00f3n Amunt contra el C\u00e1ncer de Ondara, han participado en una charla divulgativa en el marco del D\u00eda Mundial&#46;&#46;&#46;"}

Denia – 09 de junio de 2025.  El Hospital HLA San Carlos, junto con la Asociación Amunt contra el Cáncer de Ondara, han participado en una charla divulgativa en el marco del Día Mundial&#46;&#46;&#46;
